 301, 4*g = h + r. Does 23 divide g?
False
Let u(p) = 7*p**2 + 13*p + 5*p**2 + 2*p**2 - 17 + p**3. Let w be u(-13). Is ((-7)/(-3))/(w/(-153)) a multiple of 5?
False
Let c = -255 - -360. Suppose c = 2*x - 235. Does 63 divide x?
False
Suppose 0*g + 4*g = -3*r - 143, -39 = r - 3*g. Let i be r/(-10)*(0 - -2). Does 40 divide (i/(-6))/(3/(-400))?
True
Let l = 7720 - 6552. Is 9 a factor of l?
False
Let f = 9872 + -4835. Is 23 a factor of f?
True
Let s(y) = -y**2 + y + 1. Let v be s(1). Let k be v - 56*(1 - 2). Let c = k + -15. Is 7 a factor of c?
True
Let c(g) = g**3 - 17*g**2 - 15*g - 31. Let l = -16 - 89. Let d be 270/l*-1*7. Is 23 a factor of c(d)?
True
Suppose 0 = -2*n + 4*h - 105 - 351, 0 = -5*h - 5. Let s = n - -650. Is s a multiple of 28?
True
Suppose -40 = -34*o + 29*o. Suppose -o*z - 312 = -4*z. Let n = -39 - z. Is n a multiple of 13?
True
Suppose -7*s - 1017 = -10*s. Suppose z - 13*v = -8*v + s, -3 = v. Is 35 a factor of z?
False
Suppose 13*n = -6521 + 53477. Does 28 divide n?
True
Let o(w) = 17*w**2 - 67*w - 209. Is 114 a factor of o(24)?
False
Suppose 5*u - t + 17030 = -6*t, 5*t + 15 = 0. Let k = -2059 - u. Is k a multiple of 7?
True
Let q be 5 + 7/((-7)/2). Suppose 203 - q = -8*z. Let f = 30 - z. Is 24 a factor of f?
False
Let v(k) = 4*k + 1511*k**2 - 1488*k**2 + 0*k + 16. Is 8 a factor of v(4)?
True
Let v(c) = -c**3 + 16*c**2 + 3*c + 22. Let u be (48/(-18) - -2)/((-2)/51). Let g be v(u). Does 10 divide (-810)/4*(g/(-30) + -8)?
False
Suppose 124 = 12*c - 320. Suppose 5*z + c + 3 = 0. Let f(k) = -2*k + 4. Does 5 divide f(z)?
True
Suppose h - 48 = -3*h. Let r(p) = p**2 - 13*p + 15. Let o be r(h). Suppose -5*n = c + 8 + 6, -o*c + 38 = -n. Is c a multiple of 10?
False
Let h = -133 - -137. Suppose 0*z + 3 = -z - b, -h*b - 4 = 0. Is 15 a factor of 61 + -1*(z + 3)?
True
Suppose -42*l - 352513 = -1358875. Does 11 divide l?
False
Suppose 1862210 = -214*y + 473*y. Does 10 divide y?
True
Let c be (4/2)/2 - (-877)/1. Let w(p) = 915 - 2*p - 15*p - c. Is w(-7) a multiple of 15?
False
Let z be 1 + ((-14)/(-6) - (-12)/18). Suppose -10 = -z*c + 5*b, -5*b - 6 = -4*c - 2*b. Suppose 3*l + 4*y - 136 = -l, c = -2*l - 3*y + 68. Is 17 a factor of l?
True
Let t(x) = -x**3 + 3*x**2 + 7*x - 30. Let y be ((-54)/(-12))/(4/(-8)). Is t(y) a multiple of 16?
False
Suppose -2*m + 25077 = 3*o, -50224 = -27*m + 23*m + 4*o. Is m a multiple of 58?
False
Let p(s) = -24*s**2 - 6*s - 27. Let r(d) = 24*d**2 + 6*d + 28. Let a(q) = -3*p(q) - 2*r(q). Let u be a(-17). Is 7 a factor of u/95 - (1/5 + 0)?
False
Suppose 2464 + 1564 = 2*u. Let b = -1250 + u. Suppose -15*l + b = 29. Is 4 a factor of l?
False
Let v(c) = 6*c - 3. Let d be v(3). Let g be 14/(-133) + (-4 - (-1148)/76). Does 9 divide d/(1 + -4)*(2 - g)?
True
Let f = 1119 + -1109. Let c(y) = 5*y**2 + y + 11. Let q(l) = -4*l**2 - 10. Let h(s) = -3*c(s) - 4*q(s). Does 17 divide h(f)?
False
Let m(v) = -v**3 + 115*v**2 - 288*v - 40. Is 11 a factor of m(112)?
False
Suppose 2*b + 3*t - 10 = 0, -4*b + 3*t - 8 = -28. Suppose -b*z + 2123 = -2*j, 0 = z + 3*z + 3*j - 1680. Is z a multiple of 7?
False
Let l(s) = 2*s**2 - 29*s - 47. Let b be l(16). Does 45 divide (-1)/((5/(-450))/(b/2))?
True
Let m = 34 - 32. Let r(b) = 2*b**3 - 5*b**2 + 3*b - 4. Let q be r(m). Is 8 a factor of 702/16 + q/(-16)?
False
Let b(d) be the second derivative of -d**5/4 - d**4/2 - 4*d**3/3 + 13*d**2/2 + 23*d. Does 16 divide b(-5)?
True
Suppose 13*g = 9*g + 12. Suppose g*w = h - 0*h - 1, 0 = 5*w. Does 8 divide (-6 + h)*58/(-10)?
False
Does 9 divide (-37905784)/(-1785) + 8/30 - -5?
False
Suppose 21*v + 4 = 17*v, -5*q + v = -156081. Does 32 divide q?
False
Suppose 18*z - 6*z - 3924 = 0. Suppose 12*w = z + 6333. Is w a multiple of 14?
False
Let q = 3937 + -3342. Does 35 divide q?
True
Let g = -28593 + 35308. Does 118 divide g?
False
Suppose -3*m - 3*h + 29646 = 0, 39592 = 4*m + 17*h - 21*h. Is m a multiple of 43?
True
Suppose 97*g = 104*g - 14. Suppose 32 = 2*f + 26, 0 = -2*k - g*f + 898. Is 21 a factor of k?
False
Let p(v) = 21*v**2 - 13*v + 33. Let m be 1/(2/11) + 2/4. Let k be p(m). Suppose 2*o = -2*q + 478, -3*o - 5*q + k = -0*o. Is 31 a factor of o?
False
Let j(h) = -h**3 - 7*h**2 - h - 17. Let o be 4/((2 - -2)/(-8)). Let l be j(o). Suppose 2*w = 5*t - 224, 5*w = -5*t + 190 + l. Does 23 divide t?
True
Let m(r) = 0*r**2 - 3*r**2 - r**2 - 2 - 4*r + 3*r**2. Let f be m(-6). Is ((f/6)/(15/180))/(-2) a multiple of 9?
False
Let r be (-664)/(-22) - (-12)/(-66). Let q be 5/(r/9)*(-248)/(-6). Suppose 2*j - 2*b = j + 72, j - 4*b - q = 0. Is 9 a factor of j?
False
Let z be ((-5)/(-3))/((-16)/(-576)). Let x be z/14 - 26/91. Suppose -3*s - x*p + 269 = 0, -7*p + 11*p + 301 = 3*s. Is s a multiple of 13?
False
Let r(k) be the third derivative of k**4/6 - 11*k**3/3 + 17*k**2. Let d be r(9). Let v(j) = 3*j - 17. Is v(d) a multiple of 6?
False
Let k(o) = -2614*o - 5341. Does 285 divide k(-14)?
False
Let p(m) = -6*m**2 + 35*m + 1. Let b be p(5). Let n(y) = 49*y - 119. Is n(b) a multiple of 33?
True
Suppose -77*p + 16*p = 29*p - 435600. Does 28 divide p?
False
Let a be (-1)/(-1) + 14 + -9. Suppose -a + 9 = m. Suppose 0*o - m*o + 39 = 2*s, 36 = 3*o + s. Is o even?
False
Let f = -79 + 82. Let d(x) = -x**3 + x**2 + 15*x - 2. Does 5 divide d(f)?
True
Let v(b) = -4*b**2 + 41*b + 37. Let f be v(11). Suppose 3*s - 1200 = f*i, s = 3*i + 206 + 199. Does 22 divide s?
True
Suppose m = u - 3*m + 14, 3*u + m = -16. Let l(z) be the first derivative of -5*z**2 - 17*z + 13. Does 16 divide l(u)?
False
Let u be 1 - ((-18)/(-3) - 12). Let t(o) = o**3 - 9*o**2 + 19*o + 21. Does 8 divide t(u)?
True
Let a be 241/(-2 - 24/(-15))*-10. Suppose 0 = 5*z + 5*s - a, -1463 - 944 = -2*z + s. Is 43 a factor of z?
True
Suppose 5543 = 12*x - 9*x + 2*d, 4*x = 5*d + 7406. Does 14 divide x?
False
Suppose 70 = -34*q + 29*q. Let o(m) = -19*m + 204. Is o(q) a multiple of 12?
False
Suppose -44*u + 37*u = -56. Suppose 10*y + u*y = 7020. Is 9 a factor of y?
False
Let j be (-5 + 8)/(5/5). Does 44 divide (-521)/j*(-60)/20?
False
Let u(x) = 63*x**3 - x**2 + 23*x - 25. Does 28 divide u(3)?
True
Let g = -22561 + 38431. Is 138 a factor of g?
True
Let s be -4*(1 + 0)*-29. Let a = 76 - 76. Suppose a = -m + 4*r + 128, 2*m - s - 161 = r. Is m a multiple of 13?
False
Suppose 3*j - 38 + 9 = -g, -41 = -4*j + g. Suppose j*v + 292 = 14*v. Is 22 a factor of v?
False
Suppose 0 = 3*j - 5*w - 933, 286 = -4*j - 5*w + 1565. Let p = -145 + j. Does 36 divide p?
False
Is 12 a factor of (-117)/(-26)*(-2232)/(-27)?
True
Suppose 2*o + c = -158, -4*o + 52*c - 55*c - 310 = 0. Let q(s) = -s**3 - 5*s**2 - 5*s + 4. Let u be q(-4). Let r = u - o. Is 30 a factor of r?
True
Suppose 5*u = -j - 4, 3*u - 132 = 5*j - 0*u. Let y = 16 - j. Does 40 divide y?
True
Suppose 374748 = -3*w + 37*w. Is 334 a factor of w?
True
Does 3 divide -1 - (1/(6/24) - 1311)?
False
Let b(u) be the second derivative of -u - 7/6*u**3 - 7*u**2 + 0. Is 14 a factor of b(-4)?
True
Let o(y) = -y**3 - 22*y**2 - 14*y + 29. Let h = -151 - -129. Does 31 divide o(h)?
False
Suppose -144*a - 5546 = -146*a - 5*t, -18 = 3*t. Does 34 divide a?
True
Suppose 5*h - 136932 = -3*j, -1096*j + 27396 = h - 1097*j. Is 166 a factor of h?
True
Suppose 0 = -20*c + 116107 + 124193. Does 15 divide c?
True
Let q be (171 + (-21)/(-3))/((-2)/2). Let p = 438 + q. Is 23 a factor of p?
False
Suppose -d = 2*q - 126, 3*q - 118 = q + d. Suppose -2*h = 2*g - 314, 4*g - 634 = -0*g - h. Let f = g - q. Does 27 divide f?
False
Let l(q) = -11*q**3 - 11*q**2 - 32*q - 30. Does 15 divide l(-5)?
True
Let m be 4 + ((-2)/6)/(1/(-3)). Suppose 3*u - 51 = m*i, -4*i - 34 = -2*u + 2. Suppose -10 = -s + u. Is 22 a factor of s?
True
Let s(v) = 12*v**2 - 18*v + 53. Let i be s(8). Let h = i - 373. Is 19 a factor of h?
True
Let n be ((-156)/10)/(((-48)/15)/(-8)). Is 22*(-2 + 1)*390/n a multiple of 20?
True
Suppose 2*l - 42 = 4*t + 3*l, -5*l - 30 = 2*t. Let u = t + 37. Is 9 a factor of u?
True
Is (((-103644)/21)/((-72)/(-252)))/(-2) a multiple of 11?
False
Let c = 66 + -69. Does 12 divide (c - 1) + 210/3?
False
Suppose -g - 1 = -4*u + 5, g + 6 = -5*u. Let a = -3 - 2. Does 2 divide (a - g) + 4/2?
False
Let u = -233 + 240. Suppose -545 = -u*p + 631. Is 21 a factor of p?
True
Let z = 81407 - 49155. Does 11 divide z?
True
Let u be 11 - 2 - (3 - (-4)